 to base 14
-43931
Convert -11011001000001001010010 (base 2) to base 13.
-161ca53
Convert 507103 (base 10) to base 7.
4211302
What is 26325504 (base 7) in base 15?
3291cc
What is -1665326 (base 12) in base 2?
-10001100110000110001110
-1010110000101100111 (base 2) to base 14
-9270b
What is -119922 (base 13) in base 16?
-66d38
What is -55727 (base 9) in base 15?
-ae97
Convert -b19d6 (base 15) to base 14.
-108dac
What is -13c490 (base 14) in base 3?
-1021220021010
-1223311130 (base 4) to base 7
-3516506
-31201232203 (base 4) to base 5
-1401433034
Convert 132000231 (base 4) to base 10.
122925
1541552 (base 6) to base 8
262014
Convert -1a3868 (base 13) to base 15.
-d203c
Convert -20331105 (base 6) to base 8.
-2173121
Convert 13105037 (base 8) to base 4.
23020220133
-20221011211121 (base 3) to base 16
-383797
What is -37c3a (base 13) in base 10?
-103139
What is -22322000123 (base 4) in base 15?
-3b71c5
764333 (base 13) to base 11
162951a
Convert -1684203 (base 12) to base 8.
-21576043
Convert -1100110010100010110101 (base 2) to base 12.
-1158305
2000221230 (base 4) to base 7
4323213
1b1a3 (base 16) to base 2
11011000110100011
-4585180 (base 9) to base 14
-486b39
Convert -116552 (base 10) to base 13.
-41087
1022259 (base 11) to base 16
1b8623
What is 212244 (base 10) in base 15?
42d49
7b73 (base 14) to base 11
15144
Convert 12010020100 (base 3) to base 14.
28a21
Convert 6d1bcb (base 15) to base 16.
4fa840
Convert -2155003 (base 6) to base 15.
-222d6
What is 3554155 (base 6) in base 15?
3a2c8
What is 53534610 (base 7) in base 10?
4563573
cb047 (base 13) to base 3
200122101001
What is -12bb82 (base 13) in base 8?
-1567623
What is -993915 (base 15) in base 14?
-d811d8
4311020 (base 5) to base 14
1c683
What is 1305534 (base 9) in base 4?
2231333131
-11002302401 (base 5) to base 16
-b3706e
What is 12425100 (base 7) in base 13?
3086ca
Convert -a40d8 (base 16) to base 2.
-10100100000011011000
20233003332 (base 4) to base 9
4270153
-64765271 (base 8) to base 11
-7926443
-257612 (base 13) to base 2
-11011100001010100111
What is 60515 (base 7) in base 14?
54b5
Convert 1214736 (base 8) to base 16.
519de
What is 1011001011100101111010 (base 2) in base 5?
1222243231
What is 131a407 (base 11) in base 7?
25256301
Convert 588a3 (base 11) to base 13.
2c875
-95251 (base 10) to base 16
-17413
132a35 (base 16) to base 5
310142424
-111211310030 (base 4) to base 8
-25456414
Convert -217a4 (base 14) to base 9.
-133212
Convert a471ae (base 15) to base 7.
123320414
Convert 3a2670 (base 12) to base 9.
1720433
112303303 (base 4) to base 5
10442202
5977 (base 10) to base 4
1131121
1111010110101100110010 (base 2) to base 4
33112230302
Convert 112011021120101 (base 3) to base 10.
7524424
-411590 (base 16) to base 3
-22000200222022
What is 1184508 (base 11) in base 7?
23321141
-125a00 (base 11) to base 6
-4125330
What is 675722 (base 9) in base 14?
a7577
What is 1012112122102101 (base 3) in base 11?
9842579
Convert -1a2427d (base 15) to base 3.
-1022221100212001
22430310 (base 5) to base 14
53855
Convert 17a1a1 (base 11) to base 16.
43a58
-1130122 (base 4) to base 14
-2226
What is -11131441 (base 5) in base 16?
-182b4
What is 1678287 (base 10) in base 11?
a46a16
What is 42204041 (base 5) in base 15?
6dcd1
-32311400 (base 5) to base 11
-179283
4139439 (base 10) to base 4
33302212233
What is -121010320 (base 5) in base 6?
-20023242
1527261 (base 8) to base 9
736656
Convert -3e91e3 (base 15) to base 9.
-5608436
What is -1124143322 (base 5) in base 7?
-30555410
3b54 (base 13) to base 11
6445
-121001332 (base 4) to base 9
-165567
Convert -7400403 (base 8) to base 2.
-111100000000100000011
Convert -2d706 (base 15) to base 14.
-3b670
What is 110132030212 (base 4) in base 10?
5366566
Convert -12719a0 (base 13) to base 8.
-26013562
Convert 1040a2 (base 13) to base 10.
380213
Convert -35734 (base 14) to base 11.
-89a63
What is 1157a0 (base 13) in base 10?
412152
Convert -330552 (base 10) to base 6.
-11030200
-12002012221 (base 3) to base 8
-303301
-1240121 (base 5) to base 16
-5f5b
Convert -2010040414 (base 5) to base 13.
-a97981
Convert 89d8a5 (base 16) to base 12.
3037b45
-111100011111111 (base 2) to base 9
-46436
Convert -77a19 (base 14) to base 8.
-1066467
Convert -553b67 (base 14) to base 10.
-2891679
Convert 1237362 (base 8) to base 10.
343794
-513959 (base 10) to base 4
-1331132213
What is -2dbbc2 (base 16) in base 11?
-1767915
Convert 136532 (base 7) to base 12.
132a8
Convert 20212010012 (base 3) to base 4.
200330213
What is -24422234 (base 5) in base 3?
-102211100221
Convert 1120223 (base 5) to base 12.
b73b
-3374780 (base 9) to base 8
-6744430
1321221102 (base 4) to base 2
1111001101001010010
Convert -292753 (base 10) to base 14.
-7898d
14300 (base 6) to base 7
6420
Convert 22212431 (base 6) to base 3.
1021001221001
Convert 23211240 (base 5) to base 10.
210195
Convert 2a758 (base 15) to base 12.
67102
What is 890623 (base 10) in base 7?
10366366
-4431c (base 14) to base 8
-502606
What is -20173163 (base 8) in base 9?
-8008038
What is -5357878 (base 10) in base 15?
-70c7bd
161366 (base 7) to base 16
7c07
Convert 150220 (base 6) to base 7.
56544
What is -6622511 (base 7) in base 2?
-11000110010110111101
-633461 (base 7) to base 13
-3a9a9
-2331042011 (base 5) to base 13
-114858a
Convert 11020011001 (base 3) to base 10.
83215
Convert 543398 (base 11) to base 5.
210241112
What is -1154412 (base 6) in base 16?
-f1e8
Convert 112002221201021 (base 3) to base 15.
9d1aaa
-d775a (base 14) to base 7
-4264143
859e (base 15) to base 10
28274
What is -95410a (base 15) in base 7?
-114234211
Convert -19a5aa2 (base 14) to base 12.
-433a012
What is -1022102101 (base 3) in base 16?
-64de
What is 1011000111111000100110 (base 2) in base 11?
1711819
What is 143214320 (base 6) in base 9?
5506413
What is 24421411 (base 5) in base 6?
4553243
Convert -976597 (base 11) to base 15.
-20c62d
2797d7 (base 14) to base 3
2120122102000
What is -11110001110001111010101 (base 2) in base 3?
-112220111211022
441182 (base 10) to base 2
1101011101101011110
What is -36902 (base 14) in base 16?
-20966
1240011410 (base 5) to base 4
23220010302
Convert -41717 (base 10) to base 9.
-63202
Convert -2152035 (base 6) to base 4.
-122113313
What is 3750411 (base 8) in base 6?
34114505
-1177115 (base 8) to base 14
-87389
Convert 10203520 (base 6) to base 10.
296328
1be08 (base 16) to base 8
337010
What is 520672 (base 8) in base 13?
60673
Convert 6881408 (base 9) to base 14.
6c99d9
Convert -5436a (base 12) to base 10.
-111106
536556 (base 7) to base 9
152330
1100111110110110 (base 2) to base 6
1050102
Convert -aad57b (base 14) to base 6.
-324143545
What is -1022110001021 (base 3) in base 8?
-2522527
Convert -20307207 (base 9) to base 14.
-141a873
What is 201202012122 (base 3) in base 2?
1011110111001100101
2724890 (base 11) to base 7
55000363
-50140500 (base 6) to base 12
-581730
61973 (base 11) to base 15
1bb81
aa0420 (base 13) to base 15
53ee62
What is 120112001021100 (base 3) in base 5?
4102414404
What is -22d58 (base 14) in base 12?
-411aa
What is 389a018 (base 12) in base 5?
10323340112
295157 (base 12) to base 6
22504551
49e948 (base 15) to base 4
31200313010
Convert -2200102011122 (base 3) to base 10.
-1425320
What is -33113330 (base 4) in base 15?
-139d2
What is -646503 (base 7) in base 13?
-3c423
What is -277b6 (base 12) in base 13?
-1bb9a
Convert 77bba (base 14) to base 15.
5b0ca
Convert 66706260 (base 8) to base 15.
13e336a
201421552 (base 6) to base 5
1340040022
Convert 1212002111 (base 3) to base 8.
107245
Convert -d51c8 (base 14) to base 6.
-15001152
Convert 221610 (base 9) to base 6.
2501100
Convert -4a2340 (base 16) to base 6.
-252045532
What is 1ac2d (base 14) in base 6?
1243545
25150460 (base 7) to base 13
613892
What is -2c4ad2 (base 14) in base 15?
-2092c5
Convert 1110011110101011 (base 2) to base 10.
59307
-5322604 (base 7) to base 16
-9d564
Convert -b9cda (base 14) to base 12.
-198388
-381931 (base 11) to base 7
-5060150
Convert 2011447 (base 9) to base 3.
2000101111121
Convert -212757 (base 8) to base 10.
-71151
What is 202302033122 (base 4) in base 6?
523240042
Convert 259b3 (base 15) to base 13.
429c3
Convert -203085 (base 13) to base 11.
-471a4a
288684 (base 10) to base 16
467ac
310220112 (base 4) to b